{"id":401,"date":"2015-04-04T12:59:01","date_gmt":"2015-04-04T12:59:01","guid":{"rendered":"http:\/\/www.pc-paiha.at\/wordpress\/?page_id=401"},"modified":"2015-04-09T16:09:57","modified_gmt":"2015-04-09T16:09:57","slug":"linedance","status":"publish","type":"page","link":"http:\/\/www.pc-paiha.at\/wordpress\/bildergallerie\/country\/linedance\/","title":{"rendered":"Linedance"},"content":{"rendered":"<p><a href=\"http:\/\/www.pc-paiha.at\/wordpress\/?page_id=393\"><img loading=\"lazy\" decoding=\"async\" class=\"alignnone wp-image-452 size-full\" title=\"zur\u00fcck\" src=\"http:\/\/www.pc-paiha.at\/wordpress\/wp-content\/uploads\/2015\/04\/go-previous.png\" alt=\"go-previous\" width=\"32\" height=\"32\" \/><\/a><\/p>\n<div id=\"attachment_391\" style=\"width: 160px\" class=\"wp-caption alignleft\"><a title=\"Wolfliners 04.04.2013\" href=\"http:\/\/www.pc-paiha.at\/wordpress\/?p=399\"><img loading=\"lazy\" decoding=\"async\" aria-describedby=\"caption-attachment-391\" class=\"wp-image-391 size-thumbnail\" src=\"http:\/\/www.pc-paiha.at\/wordpress\/wp-content\/uploads\/2015\/04\/wolfstanz_20130407_1463541431-150x150.jpg\" alt=\"wolfstanz_20130407_1463541431\" width=\"150\" height=\"150\" srcset=\"http:\/\/www.pc-paiha.at\/wordpress\/wp-content\/uploads\/2015\/04\/wolfstanz_20130407_1463541431-150x150.jpg 150w, http:\/\/www.pc-paiha.at\/wordpress\/wp-content\/uploads\/2015\/04\/wolfstanz_20130407_1463541431-200x200.jpg 200w\" sizes=\"auto, (max-width: 150px) 100vw, 150px\" \/><\/a><p id=\"caption-attachment-391\" class=\"wp-caption-text\"><span style=\"color: #3366ff;\">Wolfliners 04.07.2013<\/span><\/p><\/div>\n","protected":false},"excerpt":{"rendered":"","protected":false},"author":1,"featured_media":0,"parent":393,"menu_order":0,"comment_status":"open","ping_status":"open","template":"","meta":{"_themeisle_gutenberg_block_has_review":false,"two_page_speed":[],"footnotes":""},"class_list":["post-401","page","type-page","status-publish","hentry"],"jetpack_sharing_enabled":true,"jetpack_shortlink":"https:\/\/wp.me\/P63xGg-6t","jetpack-related-posts":[{"id":393,"url":"http:\/\/www.pc-paiha.at\/wordpress\/bildergallerie\/country\/","url_meta":{"origin":401,"position":0},"title":"Country","author":"wordpressadmin","date":"4. April 2015","format":false,"excerpt":"\u00a0","rel":"","context":"\u00c4hnlicher Beitrag","block_context":{"text":"\u00c4hnlicher Beitrag","link":""},"img":{"alt_text":"go-previous","src":"https:\/\/i0.wp.com\/www.pc-paiha.at\/wordpress\/wp-content\/uploads\/2015\/04\/go-previous.png?resize=350%2C200","width":350,"height":200},"classes":[]},{"id":1351,"url":"http:\/\/www.pc-paiha.at\/wordpress\/home\/","url_meta":{"origin":401,"position":1},"title":"Home","author":"christian paiha","date":"16. M\u00e4rz 2016","format":false,"excerpt":"","rel":"","context":"\u00c4hnlicher Beitrag","block_context":{"text":"\u00c4hnlicher Beitrag","link":""},"img":{"alt_text":"","src":"","width":0,"height":0},"classes":[]}],"jetpack_likes_enabled":true,"_links":{"self":[{"href":"http:\/\/www.pc-paiha.at\/wordpress\/wp-json\/wp\/v2\/pages\/401","targetHints":{"allow":["GET"]}}],"collection":[{"href":"http:\/\/www.pc-paiha.at\/wordpress\/wp-json\/wp\/v2\/pages"}],"about":[{"href":"http:\/\/www.pc-paiha.at\/wordpress\/wp-json\/wp\/v2\/types\/page"}],"author":[{"embeddable":true,"href":"http:\/\/www.pc-paiha.at\/wordpress\/wp-json\/wp\/v2\/users\/1"}],"replies":[{"embeddable":true,"href":"http:\/\/www.pc-paiha.at\/wordpress\/wp-json\/wp\/v2\/comments?post=401"}],"version-history":[{"count":5,"href":"http:\/\/www.pc-paiha.at\/wordpress\/wp-json\/wp\/v2\/pages\/401\/revisions"}],"predecessor-version":[{"id":600,"href":"http:\/\/www.pc-paiha.at\/wordpress\/wp-json\/wp\/v2\/pages\/401\/revisions\/600"}],"up":[{"embeddable":true,"href":"http:\/\/www.pc-paiha.at\/wordpress\/wp-json\/wp\/v2\/pages\/393"}],"wp:attachment":[{"href":"http:\/\/www.pc-paiha.at\/wordpress\/wp-json\/wp\/v2\/media?parent=401"}],"curies":[{"name":"wp","href":"https:\/\/api.w.org\/{rel}","templated":true}]}}