{"id":642,"date":"2015-04-06T21:16:39","date_gmt":"2015-04-06T21:16:39","guid":{"rendered":"http:\/\/www.pc-paiha.at\/wordpress\/?page_id=642"},"modified":"2015-04-06T22:07:27","modified_gmt":"2015-04-06T22:07:27","slug":"planner-alm","status":"publish","type":"page","link":"http:\/\/www.pc-paiha.at\/wordpress\/bildergallerie\/wandern\/planner-alm\/","title":{"rendered":"Planner Alm"},"content":{"rendered":"<p><a title=\"Wandern\" href=\"http:\/\/www.pc-paiha.at\/wordpress\/?page_id=384\"><img loading=\"lazy\" decoding=\"async\" class=\" wp-image-452 size-full alignnone\" title=\"zur\u00fcck\" src=\"http:\/\/www.pc-paiha.at\/wordpress\/wp-content\/uploads\/2015\/04\/go-previous.png\" alt=\"go-previous\" width=\"32\" height=\"32\" \/><\/a><\/p>\n<div id=\"attachment_645\" style=\"width: 160px\" class=\"wp-caption alignleft\"><a title=\"Planner 30.6.2012\" href=\"http:\/\/www.pc-paiha.at\/wordpress\/?p=657\"><img loading=\"lazy\" decoding=\"async\" aria-describedby=\"caption-attachment-645\" class=\"wp-image-645 size-thumbnail\" src=\"http:\/\/www.pc-paiha.at\/wordpress\/wp-content\/uploads\/2015\/04\/erste_tour_nach_knie-op_20120630_1549861561-150x150.jpg\" alt=\"\" width=\"150\" height=\"150\" \/><\/a><p id=\"caption-attachment-645\" class=\"wp-caption-text\"><span style=\"color: #6998e8; font-size: 1.2em;\">30.06.2012<\/span><\/p><\/div>\n<div id=\"attachment_651\" style=\"width: 160px\" class=\"wp-caption alignleft\"><a title=\"planner 20.08.2011\" href=\"http:\/\/www.pc-paiha.at\/wordpress\/?p=661\"><img loading=\"lazy\" decoding=\"async\" aria-describedby=\"caption-attachment-651\" class=\"wp-image-651 size-thumbnail\" src=\"http:\/\/www.pc-paiha.at\/wordpress\/wp-content\/uploads\/2015\/04\/planeralm_2_20120624_1231095463-150x150.jpg\" alt=\"\" width=\"150\" height=\"150\" \/><\/a><p id=\"caption-attachment-651\" class=\"wp-caption-text\"><span style=\"color: #6998e8; font-size: 1.2em;\">20.08.2011<\/span><\/p><\/div>\n<div id=\"attachment_653\" style=\"width: 160px\" class=\"wp-caption alignleft\"><a title=\"planner 20.07.2011\" href=\"http:\/\/www.pc-paiha.at\/wordpress\/?p=663\"><img loading=\"lazy\" decoding=\"async\" aria-describedby=\"caption-attachment-653\" class=\"wp-image-653 size-thumbnail\" src=\"http:\/\/www.pc-paiha.at\/wordpress\/wp-content\/uploads\/2015\/04\/sonjas_erste_wanderung_20120622_1237782970-150x150.jpg\" alt=\"SAMSUNG\" width=\"150\" height=\"150\" \/><\/a><p id=\"caption-attachment-653\" class=\"wp-caption-text\"><span style=\"color: #6998e8; font-size: 1.2em;\">19.07.2011<\/span><\/p><\/div>\n<div id=\"attachment_646\" style=\"width: 160px\" class=\"wp-caption alignleft\"><a title=\"plann 23.04.2011\" href=\"http:\/\/www.pc-paiha.at\/wordpress\/?p=659\"><img loading=\"lazy\" decoding=\"async\" aria-describedby=\"caption-attachment-646\" class=\"wp-image-646 size-thumbnail\" src=\"http:\/\/www.pc-paiha.at\/wordpress\/wp-content\/uploads\/2015\/04\/ostern_2011_20120624_1228610652-150x150.jpg\" alt=\"ostern_2011_20120624_1228610652\" width=\"150\" height=\"150\" \/><\/a><p id=\"caption-attachment-646\" class=\"wp-caption-text\"><span style=\"color: #6998e8; font-size: 1.2em;\">23.04.2011<\/span><\/p><\/div>\n<div id=\"attachment_655\" style=\"width: 160px\" class=\"wp-caption alignleft\"><a title=\"planner 12.10.2010\" href=\"http:\/\/www.pc-paiha.at\/wordpress\/?p=665\"><img loading=\"lazy\" decoding=\"async\" aria-describedby=\"caption-attachment-655\" class=\"wp-image-655 size-thumbnail\" src=\"http:\/\/www.pc-paiha.at\/wordpress\/wp-content\/uploads\/2015\/04\/planneralm_im_herbst_20120628_1118502733-150x150.jpg\" alt=\"planneralm_im_herbst_20120628_1118502733\" width=\"150\" height=\"150\" \/><\/a><p id=\"caption-attachment-655\" class=\"wp-caption-text\"><span style=\"color: #6998e8; font-size: 1.2em;\">12.12.2010<\/span><\/p><\/div>\n<p>&nbsp;<\/p>\n","protected":false},"excerpt":{"rendered":"<p>&nbsp;<\/p>\n","protected":false},"author":1,"featured_media":0,"parent":384,"menu_order":0,"comment_status":"open","ping_status":"closed","template":"","meta":{"_themeisle_gutenberg_block_has_review":false,"two_page_speed":[],"footnotes":""},"class_list":["post-642","page","type-page","status-publish","hentry"],"jetpack_sharing_enabled":true,"jetpack_shortlink":"https:\/\/wp.me\/P63xGg-am","jetpack-related-posts":[{"id":1351,"url":"http:\/\/www.pc-paiha.at\/wordpress\/home\/","url_meta":{"origin":642,"position":0},"title":"Home","author":"christian paiha","date":"16. M\u00e4rz 2016","format":false,"excerpt":"","rel":"","context":"\u00c4hnlicher Beitrag","block_context":{"text":"\u00c4hnlicher Beitrag","link":""},"img":{"alt_text":"","src":"","width":0,"height":0},"classes":[]}],"jetpack_likes_enabled":true,"_links":{"self":[{"href":"http:\/\/www.pc-paiha.at\/wordpress\/wp-json\/wp\/v2\/pages\/642","targetHints":{"allow":["GET"]}}],"collection":[{"href":"http:\/\/www.pc-paiha.at\/wordpress\/wp-json\/wp\/v2\/pages"}],"about":[{"href":"http:\/\/www.pc-paiha.at\/wordpress\/wp-json\/wp\/v2\/types\/page"}],"author":[{"embeddable":true,"href":"http:\/\/www.pc-paiha.at\/wordpress\/wp-json\/wp\/v2\/users\/1"}],"replies":[{"embeddable":true,"href":"http:\/\/www.pc-paiha.at\/wordpress\/wp-json\/wp\/v2\/comments?post=642"}],"version-history":[{"count":10,"href":"http:\/\/www.pc-paiha.at\/wordpress\/wp-json\/wp\/v2\/pages\/642\/revisions"}],"predecessor-version":[{"id":667,"href":"http:\/\/www.pc-paiha.at\/wordpress\/wp-json\/wp\/v2\/pages\/642\/revisions\/667"}],"up":[{"embeddable":true,"href":"http:\/\/www.pc-paiha.at\/wordpress\/wp-json\/wp\/v2\/pages\/384"}],"wp:attachment":[{"href":"http:\/\/www.pc-paiha.at\/wordpress\/wp-json\/wp\/v2\/media?parent=642"}],"curies":[{"name":"wp","href":"https:\/\/api.w.org\/{rel}","templated":true}]}}