{"id":920,"date":"2015-05-24T19:06:38","date_gmt":"2015-05-24T17:06:38","guid":{"rendered":"http:\/\/www.pc-paiha.at\/wordpress\/?page_id=920"},"modified":"2015-05-25T12:29:01","modified_gmt":"2015-05-25T10:29:01","slug":"pc-paiha-at-registration","status":"publish","type":"page","link":"http:\/\/www.pc-paiha.at\/wordpress\/pc-paiha-at-registration\/","title":{"rendered":"pc-paiha.at Registration"},"content":{"rendered":"<p style=\"text-align: center;\"><span style=\"color: #436f91;\"><span style=\"font-size: 14pt;\">Hallo, sch\u00f6n dass du dich auf <a style=\"color: #436f91;\" href=\"http:\/\/www.pc-paiha.at\/wordpress\/wp-content\/uploads\/2015\/05\/Logo_neu_6.png\"><img loading=\"lazy\" decoding=\"async\" class=\"alignnone wp-image-874\" src=\"http:\/\/www.pc-paiha.at\/wordpress\/wp-content\/uploads\/2015\/05\/Logo_neu_6-300x65.png\" alt=\"Logo_neu_6\" width=\"180\" height=\"39\" srcset=\"http:\/\/www.pc-paiha.at\/wordpress\/wp-content\/uploads\/2015\/05\/Logo_neu_6-300x65.png 300w, http:\/\/www.pc-paiha.at\/wordpress\/wp-content\/uploads\/2015\/05\/Logo_neu_6.png 363w\" sizes=\"auto, (max-width: 180px) 100vw, 180px\" \/><\/a><\/span> <span style=\"font-size: 18pt;\"><span style=\"font-size: 14pt;\">registrieren<\/span><\/span><\/span><span style=\"font-size: 18pt; color: #436f91;\"><span style=\"font-size: 14pt;\"> willst.<\/span><br \/>\n<\/span><\/p>\n<p style=\"text-align: center;\">Falscher Shortcode verwendet.<\/p>\n<p>&nbsp;<\/p>\n","protected":false},"excerpt":{"rendered":"<p>Hallo, sch\u00f6n dass du dich auf registrieren willst. &nbsp;<\/p>\n","protected":false},"author":3,"featured_media":0,"parent":0,"menu_order":0,"comment_status":"closed","ping_status":"closed","template":"","meta":{"_themeisle_gutenberg_block_has_review":false,"two_page_speed":[],"footnotes":""},"class_list":["post-920","page","type-page","status-publish","hentry"],"jetpack_sharing_enabled":true,"jetpack_shortlink":"https:\/\/wp.me\/P63xGg-eQ","jetpack-related-posts":[{"id":916,"url":"http:\/\/www.pc-paiha.at\/wordpress\/pie-register-registration-2\/","url_meta":{"origin":920,"position":0},"title":"Pie Register &#8211; Registration","author":"christian paiha","date":"21. Mai 2015","format":false,"excerpt":"","rel":"","context":"\u00c4hnlicher Beitrag","block_context":{"text":"\u00c4hnlicher Beitrag","link":""},"img":{"alt_text":"","src":"","width":0,"height":0},"classes":[]},{"id":107,"url":"http:\/\/www.pc-paiha.at\/wordpress\/willkommen-welcome-bienvenu-%d0%bf%d1%80%d0%b8%d0%b2%d0%b5%d1%82%d1%81%d1%82%d0%b2%d0%be%d0%b2%d0%b0%d1%82%d1%8c\/","url_meta":{"origin":920,"position":1},"title":"Blogs","author":"wordpressadmin","date":"1. April 2015","format":false,"excerpt":"willkommen - welcome - bienvenu - \u043f\u0440\u0438\u0432\u0435\u0442\u0441\u0442\u0432\u043e\u0432\u0430\u0442\u044c \u00a0 Hier kann jeder der sich hier registriert, Blogs schreiben, \u00fcber Themen die ihn bewegen. Es besteht auch die M\u00f6glichkeit, einen vorhandenen Blog zu kommentieren. Voraussetzung f\u00fcr eine seri\u00f6se Bloggingkultur keine rassistische \u00c4usserungen, keine Pornografische Inhalte sowie keine Schimpftiraden. \u00a0 Die Blogs werden\u2026","rel":"","context":"\u00c4hnlicher Beitrag","block_context":{"text":"\u00c4hnlicher Beitrag","link":""},"img":{"alt_text":"Gria\u00df enk oi beinaunda","src":"https:\/\/i0.wp.com\/www.pc-paiha.at\/wordpress\/wp-content\/uploads\/2012\/04\/grimming_blue_1024_bearb.jpg?resize=350%2C200","width":350,"height":200,"srcset":"https:\/\/i0.wp.com\/www.pc-paiha.at\/wordpress\/wp-content\/uploads\/2012\/04\/grimming_blue_1024_bearb.jpg?resize=350%2C200 1x, https:\/\/i0.wp.com\/www.pc-paiha.at\/wordpress\/wp-content\/uploads\/2012\/04\/grimming_blue_1024_bearb.jpg?resize=525%2C300 1.5x, https:\/\/i0.wp.com\/www.pc-paiha.at\/wordpress\/wp-content\/uploads\/2012\/04\/grimming_blue_1024_bearb.jpg?resize=700%2C400 2x"},"classes":[]},{"id":932,"url":"http:\/\/www.pc-paiha.at\/wordpress\/pc-paiha-at-welcome\/","url_meta":{"origin":920,"position":2},"title":"pc-paiha.at welcome","author":"christian paiha","date":"24. Mai 2015","format":false,"excerpt":"Hallo, sch\u00f6n dich auf wiederzusehen!","rel":"","context":"\u00c4hnlicher Beitrag","block_context":{"text":"\u00c4hnlicher Beitrag","link":""},"img":{"alt_text":"Logo_neu_6","src":"https:\/\/i0.wp.com\/www.pc-paiha.at\/wordpress\/wp-content\/uploads\/2015\/05\/Logo_neu_6-300x65.png?resize=350%2C200","width":350,"height":200},"classes":[]},{"id":934,"url":"http:\/\/www.pc-paiha.at\/wordpress\/934-2\/","url_meta":{"origin":920,"position":3},"title":"pc-paiha.at forgot password","author":"christian paiha","date":"25. Mai 2015","format":false,"excerpt":"Hallo, du hast dein Passwort f\u00fcr vergessen. Folge den Anweisungen:","rel":"","context":"\u00c4hnlicher Beitrag","block_context":{"text":"\u00c4hnlicher Beitrag","link":""},"img":{"alt_text":"Logo_neu_6","src":"https:\/\/i0.wp.com\/www.pc-paiha.at\/wordpress\/wp-content\/uploads\/2015\/05\/Logo_neu_6-300x65.png?resize=350%2C200","width":350,"height":200},"classes":[]},{"id":2,"url":"http:\/\/www.pc-paiha.at\/wordpress\/beispiel-seite\/","url_meta":{"origin":920,"position":4},"title":"Beispiel-Seite","author":"wordpressadmin","date":"26. M\u00e4rz 2015","format":false,"excerpt":"Dies ist eine Beispiel-Seite. Sie unterscheidet sich von Beitr\u00e4gen, weil sie stets an der selben Stelle bleibt und (bei den meisten Themes) in der Navigationsleiste angezeigt wird. Die meisten Leute starten mit einer \"\u00dcber uns\"-Seite mit einer Vorstellung f\u00fcr m\u00f6gliche Besucher der Website. Dort k\u00f6nnte zum Beispiel stehen: Hallo! Tags\u00fcber\u2026","rel":"","context":"\u00c4hnlicher Beitrag","block_context":{"text":"\u00c4hnlicher Beitrag","link":""},"img":{"alt_text":"","src":"","width":0,"height":0},"classes":[]},{"id":926,"url":"http:\/\/www.pc-paiha.at\/wordpress\/pc-paiha-at-anmelden\/","url_meta":{"origin":920,"position":5},"title":"pc-paiha.at anmelden","author":"christian paiha","date":"24. Mai 2015","format":false,"excerpt":"Willkommen zur Anmeldung auf .","rel":"","context":"\u00c4hnlicher Beitrag","block_context":{"text":"\u00c4hnlicher Beitrag","link":""},"img":{"alt_text":"Logo_neu_6","src":"https:\/\/i0.wp.com\/www.pc-paiha.at\/wordpress\/wp-content\/uploads\/2015\/05\/Logo_neu_6-300x65.png?resize=350%2C200","width":350,"height":200},"classes":[]}],"jetpack_likes_enabled":true,"_links":{"self":[{"href":"http:\/\/www.pc-paiha.at\/wordpress\/wp-json\/wp\/v2\/pages\/920","targetHints":{"allow":["GET"]}}],"collection":[{"href":"http:\/\/www.pc-paiha.at\/wordpress\/wp-json\/wp\/v2\/pages"}],"about":[{"href":"http:\/\/www.pc-paiha.at\/wordpress\/wp-json\/wp\/v2\/types\/page"}],"author":[{"embeddable":true,"href":"http:\/\/www.pc-paiha.at\/wordpress\/wp-json\/wp\/v2\/users\/3"}],"replies":[{"embeddable":true,"href":"http:\/\/www.pc-paiha.at\/wordpress\/wp-json\/wp\/v2\/comments?post=920"}],"version-history":[{"count":8,"href":"http:\/\/www.pc-paiha.at\/wordpress\/wp-json\/wp\/v2\/pages\/920\/revisions"}],"predecessor-version":[{"id":936,"href":"http:\/\/www.pc-paiha.at\/wordpress\/wp-json\/wp\/v2\/pages\/920\/revisions\/936"}],"wp:attachment":[{"href":"http:\/\/www.pc-paiha.at\/wordpress\/wp-json\/wp\/v2\/media?parent=920"}],"curies":[{"name":"wp","href":"https:\/\/api.w.org\/{rel}","templated":true}]}}