{"id":926,"date":"2015-05-24T19:10:46","date_gmt":"2015-05-24T17:10:46","guid":{"rendered":"http:\/\/www.pc-paiha.at\/wordpress\/?page_id=926"},"modified":"2015-05-24T19:17:10","modified_gmt":"2015-05-24T17:17:10","slug":"pc-paiha-at-anmelden","status":"publish","type":"page","link":"http:\/\/www.pc-paiha.at\/wordpress\/pc-paiha-at-anmelden\/","title":{"rendered":"pc-paiha.at anmelden"},"content":{"rendered":"<p style=\"text-align: center;\"><span style=\"color: #436f91; font-size: 14pt;\">Willkommen zur Anmeldung auf <\/span><a href=\"http:\/\/www.pc-paiha.at\/wordpress\/wp-content\/uploads\/2015\/05\/Logo_neu_6.png\"><img loading=\"lazy\" decoding=\"async\" class=\"alignnone wp-image-874\" src=\"http:\/\/www.pc-paiha.at\/wordpress\/wp-content\/uploads\/2015\/05\/Logo_neu_6-300x65.png\" alt=\"Logo_neu_6\" width=\"180\" height=\"39\" srcset=\"http:\/\/www.pc-paiha.at\/wordpress\/wp-content\/uploads\/2015\/05\/Logo_neu_6-300x65.png 300w, http:\/\/www.pc-paiha.at\/wordpress\/wp-content\/uploads\/2015\/05\/Logo_neu_6.png 363w\" sizes=\"auto, (max-width: 180px) 100vw, 180px\" \/><\/a><span style=\"color: #436f91;\">.<\/span><\/p>\n<p style=\"text-align: center;\"><div class=\"piereg_container\"><div class=\"piereg_login_container pieregWrapper\"><div class=\"piereg_login_wrapper\">\r\n\t\t<form method=\"post\" id=\"piereg_login_form\" class=\"piereg_loginform\" name=\"loginform\" action=\"\/wordpress\/wp-json\/wp\/v2\/pages\/926\"><ul id=\"pie_register\"><li class=\"fields\"><div class=\"fieldset\"><label for=\"user_login\">Username<\/label><input placeholder=\"\" type=\"text\" value=\"\" class=\"input input_fields piereg_validate[required]\" id=\"user_login\" name=\"log\"><\/div><\/li><li class=\"fields\"><div class=\"fieldset\"><div class=\"password_field\"><label for=\"user_pass\">Passwort<\/label><input placeholder=\"\" type=\"password\" value=\"\" class=\"input input_fields piereg_validate[required]\" id=\"user_pass\" name=\"pwd\"><span class=\"show-hide-password-innerbtn pass-eye-login eye\"><\/span><\/div><\/div><\/li><li class=\"fields\"><div class=\"fieldset\"><\/div><\/li><\/ul><p class=\"forgetmenot\"><input type=\"checkbox\" value=\"forever\" id=\"rememberme\" name=\"rememberme\"><label for=\"rememberme\">Angemeldet bleiben<\/label><\/p><input type=\"hidden\" id=\"piereg_login_form_nonce\" name=\"piereg_login_form_nonce\" value=\"df50d5b231\" \/><input type=\"hidden\" name=\"_wp_http_referer\" value=\"\/wordpress\/wp-json\/wp\/v2\/pages\/926\" \/><p class=\"submit\"><input type=\"submit\" value=\"Anmelden\" class=\"button button-primary button-large\" id=\"wp-login-submit\" name=\"wp-submit\"><input type=\"hidden\" value=\"http:\/\/www.pc-paiha.at\/wordpress\/wp-admin\/\" name=\"redirect_to\"><input type=\"hidden\" value=\"1\" name=\"testcookie\"><\/p><p id=\"nav\"><a href=\"http:\/\/www.pc-paiha.at\/wordpress\/pie-register-registration-2\/\">Registrieren<\/a><a style=\"cursor:default;text-decoration:none;\" href=\"javascript:;\"> | <\/a><a title=\"Passwort zur\u00fccksetzen\" href=\"http:\/\/www.pc-paiha.at\/wordpress\/pie-register-forgot-password-2\/\">Passwort vergessen?<\/a><\/p>\r\n\t\t<\/form><\/div>\r\n<\/div><\/div><\/p>\n","protected":false},"excerpt":{"rendered":"<p>Willkommen zur Anmeldung auf .<\/p>\n","protected":false},"author":3,"featured_media":0,"parent":0,"menu_order":0,"comment_status":"closed","ping_status":"closed","template":"","meta":{"_themeisle_gutenberg_block_has_review":false,"two_page_speed":[],"footnotes":""},"class_list":["post-926","page","type-page","status-publish","hentry"],"jetpack_sharing_enabled":true,"jetpack_shortlink":"https:\/\/wp.me\/P63xGg-eW","jetpack-related-posts":[{"id":915,"url":"http:\/\/www.pc-paiha.at\/wordpress\/pie-register-login-2\/","url_meta":{"origin":926,"position":0},"title":"Pie Register &#8211; Login","author":"christian paiha","date":"21. Mai 2015","format":false,"excerpt":"","rel":"","context":"\u00c4hnlicher Beitrag","block_context":{"text":"\u00c4hnlicher Beitrag","link":""},"img":{"alt_text":"","src":"","width":0,"height":0},"classes":[]},{"id":1335,"url":"http:\/\/www.pc-paiha.at\/wordpress\/basteleien\/","url_meta":{"origin":926,"position":1},"title":"Basteleien","author":"christian paiha","date":"14. M\u00e4rz 2016","format":false,"excerpt":"Willkommen bei dem Blog BasteleienHier in diesem Blog, m\u00f6chte ich einige meiner Projekte vorstellen.Die ersten werden nur Beschreibungen der Projekte sein. Ich werde mich bem\u00fchen die neueren mit Schritt f\u00fcr Schritt Anleitungen samt Bilder\u00a0 zu gestalten.Hoffentlich ist das eine oder Andere eine Inspiration f\u00fcr eigene Projekte.Viel Spass damit.","rel":"","context":"\u00c4hnlicher Beitrag","block_context":{"text":"\u00c4hnlicher Beitrag","link":""},"img":{"alt_text":"","src":"","width":0,"height":0},"classes":[]},{"id":107,"url":"http:\/\/www.pc-paiha.at\/wordpress\/willkommen-welcome-bienvenu-%d0%bf%d1%80%d0%b8%d0%b2%d0%b5%d1%82%d1%81%d1%82%d0%b2%d0%be%d0%b2%d0%b0%d1%82%d1%8c\/","url_meta":{"origin":926,"position":2},"title":"Blogs","author":"wordpressadmin","date":"1. April 2015","format":false,"excerpt":"willkommen - welcome - bienvenu - \u043f\u0440\u0438\u0432\u0435\u0442\u0441\u0442\u0432\u043e\u0432\u0430\u0442\u044c \u00a0 Hier kann jeder der sich hier registriert, Blogs schreiben, \u00fcber Themen die ihn bewegen. Es besteht auch die M\u00f6glichkeit, einen vorhandenen Blog zu kommentieren. Voraussetzung f\u00fcr eine seri\u00f6se Bloggingkultur keine rassistische \u00c4usserungen, keine Pornografische Inhalte sowie keine Schimpftiraden. \u00a0 Die Blogs werden\u2026","rel":"","context":"\u00c4hnlicher Beitrag","block_context":{"text":"\u00c4hnlicher Beitrag","link":""},"img":{"alt_text":"Gria\u00df enk oi beinaunda","src":"https:\/\/i0.wp.com\/www.pc-paiha.at\/wordpress\/wp-content\/uploads\/2012\/04\/grimming_blue_1024_bearb.jpg?resize=350%2C200","width":350,"height":200,"srcset":"https:\/\/i0.wp.com\/www.pc-paiha.at\/wordpress\/wp-content\/uploads\/2012\/04\/grimming_blue_1024_bearb.jpg?resize=350%2C200 1x, https:\/\/i0.wp.com\/www.pc-paiha.at\/wordpress\/wp-content\/uploads\/2012\/04\/grimming_blue_1024_bearb.jpg?resize=525%2C300 1.5x, https:\/\/i0.wp.com\/www.pc-paiha.at\/wordpress\/wp-content\/uploads\/2012\/04\/grimming_blue_1024_bearb.jpg?resize=700%2C400 2x"},"classes":[]},{"id":932,"url":"http:\/\/www.pc-paiha.at\/wordpress\/pc-paiha-at-welcome\/","url_meta":{"origin":926,"position":3},"title":"pc-paiha.at welcome","author":"christian paiha","date":"24. Mai 2015","format":false,"excerpt":"Hallo, sch\u00f6n dich auf wiederzusehen!","rel":"","context":"\u00c4hnlicher Beitrag","block_context":{"text":"\u00c4hnlicher Beitrag","link":""},"img":{"alt_text":"Logo_neu_6","src":"https:\/\/i0.wp.com\/www.pc-paiha.at\/wordpress\/wp-content\/uploads\/2015\/05\/Logo_neu_6-300x65.png?resize=350%2C200","width":350,"height":200},"classes":[]},{"id":920,"url":"http:\/\/www.pc-paiha.at\/wordpress\/pc-paiha-at-registration\/","url_meta":{"origin":926,"position":4},"title":"pc-paiha.at Registration","author":"christian paiha","date":"24. Mai 2015","format":false,"excerpt":"Hallo, sch\u00f6n dass du dich auf registrieren willst. \u00a0","rel":"","context":"\u00c4hnlicher Beitrag","block_context":{"text":"\u00c4hnlicher Beitrag","link":""},"img":{"alt_text":"Logo_neu_6","src":"https:\/\/i0.wp.com\/www.pc-paiha.at\/wordpress\/wp-content\/uploads\/2015\/05\/Logo_neu_6-300x65.png?resize=350%2C200","width":350,"height":200},"classes":[]},{"id":934,"url":"http:\/\/www.pc-paiha.at\/wordpress\/934-2\/","url_meta":{"origin":926,"position":5},"title":"pc-paiha.at forgot password","author":"christian paiha","date":"25. Mai 2015","format":false,"excerpt":"Hallo, du hast dein Passwort f\u00fcr vergessen. Folge den Anweisungen:","rel":"","context":"\u00c4hnlicher Beitrag","block_context":{"text":"\u00c4hnlicher Beitrag","link":""},"img":{"alt_text":"Logo_neu_6","src":"https:\/\/i0.wp.com\/www.pc-paiha.at\/wordpress\/wp-content\/uploads\/2015\/05\/Logo_neu_6-300x65.png?resize=350%2C200","width":350,"height":200},"classes":[]}],"jetpack_likes_enabled":true,"_links":{"self":[{"href":"http:\/\/www.pc-paiha.at\/wordpress\/wp-json\/wp\/v2\/pages\/926","targetHints":{"allow":["GET"]}}],"collection":[{"href":"http:\/\/www.pc-paiha.at\/wordpress\/wp-json\/wp\/v2\/pages"}],"about":[{"href":"http:\/\/www.pc-paiha.at\/wordpress\/wp-json\/wp\/v2\/types\/page"}],"author":[{"embeddable":true,"href":"http:\/\/www.pc-paiha.at\/wordpress\/wp-json\/wp\/v2\/users\/3"}],"replies":[{"embeddable":true,"href":"http:\/\/www.pc-paiha.at\/wordpress\/wp-json\/wp\/v2\/comments?post=926"}],"version-history":[{"count":4,"href":"http:\/\/www.pc-paiha.at\/wordpress\/wp-json\/wp\/v2\/pages\/926\/revisions"}],"predecessor-version":[{"id":1660,"href":"http:\/\/www.pc-paiha.at\/wordpress\/wp-json\/wp\/v2\/pages\/926\/revisions\/1660"}],"wp:attachment":[{"href":"http:\/\/www.pc-paiha.at\/wordpress\/wp-json\/wp\/v2\/media?parent=926"}],"curies":[{"name":"wp","href":"https:\/\/api.w.org\/{rel}","templated":true}]}}